Informes climáticos al estilo de la NOAA

Selecciona un año o mes para el informe
2021: Ene Feb Mar Abr May Jun Jul Ago Sep Oct Nov Dic

Informe para 2021 Enero
                   Monthly Climatological Summary for ene. 2021

Name: Meteoviso   City: El Viso del Alcor   State: Sevilla
Elevation: 170 m  Lat: N 37° 23' 46"   Lon: W 005° 43' 07"

                  Temperature (°C), Rain (mm), Wind Speed (km/h)

                                      Heat  Cool        Avg
    Mean                              Deg   Deg         Wind                 Dom
Day Temp  High   Time   Low    Time   Days  Days  Rain  Speed High   Time    Dir
----------------------------------------------------------------------------------
01   8,4  12,6   15:59   5,1   08:43   9,9   0,0   0,5   4,8  22,0   14:21   WSW
02   6,0  12,6   16:32   2,1   07:37  11,4   0,0   0,0   3,4  18,4   12:32    NW
03   6,1  11,5   15:51   1,7   08:20  12,2   0,0   0,0   3,8  20,2   19:43    SW
04   6,9  11,9   16:59   1,7   07:29  11,4   0,0   0,0   3,2  18,4   15:26    SW
06   7,7  11,4   15:08   4,5   06:09  13,3   0,0   7,3  11,9  33,1   17:28   ENE
07   6,3   7,0   13:35   5,7   23:44   9,4   0,0  18,8  14,1  38,5   20:05    NE
08   6,5   8,7   19:08   5,4   02:10  11,7   0,0  59,5  16,1  46,1   09:48    NE
09   5,6   9,4   16:46   2,3   09:18  12,7   0,0   3,8   6,3  34,9   14:32    SW
10   5,1   8,8   16:14   2,3   05:14  13,2   0,0   0,5   4,1  22,0   13:47   ESE
11   6,6  11,5   17:18   2,1   08:17  11,6   0,0   0,0   5,0  20,2   04:19    NE
12   6,4  11,5   16:31   2,5   07:44  11,9   0,0   0,0   7,3  27,7   04:25   ENE
13   7,7  15,3   16:24   2,9   08:39  10,3   0,0   0,0   5,1  22,0   06:33   ENE
14   7,2  12,7   16:35   3,2   08:21  11,1   0,0   0,0   2,1  14,8   11:16    SE
15   8,5  16,0   17:10   4,3   07:03   9,8   0,0   0,0   2,6  14,8   07:05   ENE
16   9,8  15,8   16:29   4,6   08:48   8,5   0,0   0,0   7,1  29,5   13:43    NE
17  10,7  16,7   16:23   5,3   07:10   7,5   0,0   0,0   7,6  29,5   08:12   ENE
18  10,1  15,7   16:05   4,1   08:16   8,2   0,0   0,0   4,0  23,8   09:51     E
19   9,9  15,0   17:07   5,9   10:04   8,4   0,0   0,0   2,8  18,4   10:52   ESE
20  11,8  13,7   14:20  10,2   01:40   6,5   0,0   9,7  13,3  53,3   12:47   SSW
21  12,6  16,1   14:13   9,9   07:44   5,0   0,0   1,0  11,6  40,3   15:44    SW
22  13,8  16,5   16:28  11,3   23:56   4,5   0,0   5,3  11,0  51,5   01:48    SW
23  11,9  15,9   14:49   9,1   05:25   6,4   0,0   0,5   9,9  46,1   19:14    SW
24  14,6  17,6   15:41  11,8   23:43   3,7   0,0   0,0   8,6  43,9   00:41    SW
25  14,1  18,8   16:04  11,4   02:26   4,0   0,0   1,8   6,9  34,9   13:09    SW
26  14,7  16,1   15:24  13,2   06:45   3,6   0,0   1,3   5,3  22,0   00:49    SW
27  15,6  20,1   16:33  12,8   09:10   2,8   0,1   0,2   4,6  16,6   16:40   NNE
28  15,6  23,3   17:01  11,1   10:45   3,1   0,4   0,0   6,8  33,1   07:19   ENE
29  12,6  15,5   00:22   9,9   05:07   5,7   0,0   0,0   4,0  16,6   12:50    SW
30  13,9  18,6   15:50  11,0   23:45   4,4   0,0   0,8   7,7  31,3   10:25    SW
31  12,7  17,6   16:01   8,9   07:29   5,6   0,0   0,0   6,8  25,6   17:04    SW
----------------------------------------------------------------------------------
    10,0  23,3    28     1,7     3   247,8   0,5 111,0   6,8  53,3    20     SSE

Max >=  27,0  0
Max <=   0,0  0
Min <=   0,0  0
Min <= -18,0  0
Max Rain: 59,5 on day 8
Days of Rain: 14 (>= 0,2 mm)  6 (>= 2,0 mm)  1 (>= 20,0 mm)
Heat Base: 18,3  Cool Base: 18,3  Method: Integration