Informes climáticos al estilo de la NOAA

Selecciona un año o mes para el informe
2021: Ene Feb Mar Abr May Jun Jul Ago Sep Oct Nov Dic

Informe para 2021 Marzo
                   Monthly Climatological Summary for mar. 2021

Name: Meteoviso   City: El Viso del Alcor   State: Sevilla
Elevation: 170 m  Lat: N 37° 23' 46"   Lon: W 005° 43' 07"

                  Temperature (°C), Rain (mm), Wind Speed (km/h)

                                      Heat  Cool        Avg
    Mean                              Deg   Deg         Wind                 Dom
Day Temp  High   Time   Low    Time   Days  Days  Rain  Speed High   Time    Dir
----------------------------------------------------------------------------------
01  14,7  19,2   15:45  10,5   08:20   3,6   0,0   0,0   6,6  29,5   12:06   ENE
02  15,5  20,1   15:51  10,7   08:31   3,1   0,2   2,8   2,9  18,4   01:06   ESE
03  15,2  20,2   17:18  11,0   06:47   3,3   0,2   0,0   3,0  16,6   20:45   ESE
04  14,2  19,6   16:05  10,1   07:37   4,1   0,0   0,0   6,3  29,5   07:07     E
05  12,3  13,6   17:55  10,5   10:28   6,0   0,0  14,5   7,0  23,8   07:17   ENE
06  12,9  15,6   13:16  10,4   07:12   5,4   0,0   1,0   6,5  40,3   10:20   ENE
07  13,7  18,7   16:44  11,6   06:47   4,6   0,0   0,5   3,4  16,6   19:30     S
08  12,2  15,8   15:13  10,0   23:38   6,1   0,0   0,3   6,3  23,8   16:32   SSW
09  12,6  17,8   15:44   8,0   06:44   5,7   0,0   0,0   3,3  23,8   15:09    NE
10  13,9  20,7   16:57   7,9   07:56   4,6   0,2   0,0   2,9  16,6   10:01     N
11  14,9  21,7   16:35   8,7   07:50   3,9   0,5   0,0   3,3  16,6   14:44    SW
12  14,8  21,4   17:04  10,5   06:53   3,9   0,4   0,0   5,4  29,5   11:11     N
13  14,1  21,5   17:29   8,6   06:42   4,6   0,4   0,0   4,4  20,2   12:20     N
14  15,0  21,1   16:57   8,4   07:23   3,8   0,5   0,0   8,0  36,7   13:59    NE
15  17,2  23,0   16:26  10,9   07:15   2,2   1,1   0,0  10,2  36,7   08:41   ENE
16  16,9  23,2   16:01  12,1   04:34   2,5   1,1   0,0   8,7  36,7   12:02   ENE
17  16,7  23,0   16:53  11,8   05:15   2,7   1,0   0,0   9,6  36,7   12:31   ENE
18  15,9  20,8   17:07  12,2   23:55   2,7   0,3   0,0  13,7  42,0   10:21    NE
19  12,9  17,5   17:19   8,6   08:18   5,4   0,0   0,0  10,0  33,0   10:50    NE
20  12,0  16,7   15:57   7,7   07:34   6,3   0,0   0,8  13,3  48,0   14:43    NE
21  12,0  18,7   17:41   6,8   03:35   6,3   0,0   0,0   5,4  22,0   10:41    NE
22  14,2  22,2   17:15   7,9   06:01   4,5   0,5   0,0   3,3  18,0   19:47     W
23  15,1  23,1   16:36   8,8   05:22   4,0   0,8   0,0   5,2  28,0   18:58    SW
24  15,4  23,2   15:51  10,2   07:45   3,7   0,9   0,0   4,5  20,0   19:18    SW
25  15,1  22,1   16:19  10,8   07:28   3,8   0,6   0,0   4,7  20,0   16:08    SW
26  16,9  24,1   17:04  10,2   06:50   2,8   1,4   0,0   3,4  17,0   21:55     N
27  18,9  27,6   17:10  13,9   08:21   1,5   2,1   0,0   7,9  31,0   09:21   ENE
28  18,7  25,9   15:59  14,0   06:44   1,5   1,8   0,0   7,9  28,0   09:51   ENE
29  20,7  26,7   15:24  14,7   06:24   0,5   2,3   0,0   8,6  35,0   07:03     E
30  19,6  25,8   14:43  14,0   05:51   0,9   2,3   0,0   9,1  46,0   15:50   ENE
31  22,3  29,5   15:53  17,0   07:30   0,1   4,0   0,0  15,4  50,0   13:02     E
----------------------------------------------------------------------------------
    15,4  29,5    31     6,8    21   114,1  22,6  19,9   6,8  50,0    31     ENE

Max >=  27,0  2
Max <=   0,0  0
Min <=   0,0  0
Min <= -18,0  0
Max Rain: 14,5 on day 5
Days of Rain: 6 (>= 0,2 mm)  2 (>= 2,0 mm)  0 (>= 20,0 mm)
Heat Base: 18,3  Cool Base: 18,3  Method: Integration