Informes climáticos al estilo de la NOAA

Selecciona un año o mes para el informe
2021: Ene Feb Mar Abr May Jun Jul Ago Sep Oct Nov Dic

Informe para 2021 Abril
                   Monthly Climatological Summary for abr. 2021

Name: Meteoviso   City: El Viso del Alcor   State: Sevilla
Elevation: 170 m  Lat: N 37° 23' 46"   Lon: W 005° 43' 07"

                  Temperature (°C), Rain (mm), Wind Speed (km/h)

                                      Heat  Cool        Avg
    Mean                              Deg   Deg         Wind                 Dom
Day Temp  High   Time   Low    Time   Days  Days  Rain  Speed High   Time    Dir
----------------------------------------------------------------------------------
01  18,5  22,1   15:46  15,0   08:33   0,7   0,8   0,2  11,2  46,0   08:52    SW
02  16,9  21,8   18:59  12,5   09:25   2,1   0,7   0,0   6,4  30,0   20:09   WSW
03  16,4  23,8   17:23  11,3   07:07   2,7   0,8   0,3   4,3  18,0   18:09   WSW
04  17,1  25,5   17:55  12,6   08:58   2,6   1,4   0,0   5,0  31,3   22:47   SSW
05  18,3  25,8   17:53  13,0   07:53   1,9   1,9   0,0   4,8  25,6   00:25   WSW
06  20,1  27,9   17:50  13,8   08:14   1,1   2,9   0,0   3,5  18,4   12:10   WSW
07  18,9  26,1   16:27  13,8   08:17   1,1   1,7   0,0   7,9  38,5   20:12    SW
08  17,8  22,8   16:10  13,8   07:52   1,6   1,1   0,0   7,1  34,9   17:52     E
09  17,4  23,6   16:57  12,1   08:43   2,1   1,3   0,0   4,2  25,6   23:54   WNW
10  17,0  22,6   16:50  13,2   07:48   2,1   0,8   0,0   7,9  40,3   17:10   WSW
11  16,9  21,6   16:49  13,6   06:50   2,1   0,7   5,8   9,6  34,9   15:37    SW
12  18,0  25,8   18:44  12,6   05:17   2,1   1,8   0,0   5,4  20,2   10:42   ESE
13  19,1  26,3   18:18  13,8   07:57   1,5   2,3   0,0   4,0  18,4   15:18    SE
14  17,4  20,9   14:30  14,8   08:23   1,3   0,4   0,0   5,6  23,8   07:10     S
15  16,0  20,6   17:42  13,2   07:34   2,5   0,2   1,3   4,5  23,8   15:06    NE
16  16,8  23,2   17:23  12,9   07:49   2,3   0,8   0,7   4,8  22,0   14:27    SE
17  17,7  24,3   18:36  13,9   07:45   1,9   1,3   0,0   6,2  31,3   19:33   WSW
18  18,1  25,4   17:55  10,0   06:22   2,3   2,1   0,0   4,5  25,6   17:38   ENE
----------------------------------------------------------------------------------
    17,7  27,9     6    10,0    18    34,0  23,0   8,3   5,9  46,0     1     SSW

Max >=  27,0  1
Max <=   0,0  0
Min <=   0,0  0
Min <= -18,0  0
Max Rain: 5,8 on day 11
Days of Rain: 5 (>= 0,2 mm)  1 (>= 2,0 mm)  0 (>= 20,0 mm)
Heat Base: 18,3  Cool Base: 18,3  Method: Integration