Avisos AEMET Campiña SevillanaSin Avisos    + INFO

Informes climáticos al estilo de la NOAA

Selecciona un año o mes para el informe
2024: Ene Feb Mar Abr May Jun Jul Ago Sep Oct Nov Dic
2023: Ene Feb Mar Abr May Jun Jul Ago Sep Oct Nov Dic
2022: Ene Feb Mar Abr May Jun Jul Ago Sep Oct Nov Dic
2021: Ene Feb Mar Abr May Jun Jul Ago Sep Oct Nov Dic

Informe para 2022 Mayo
                   Monthly Climatological Summary for may. 2022

Name: Meteoviso   City: El Viso del Alcor   State: Sevilla
Elevation: 170 m  Lat: N 37° 23' 44"   Lon: W 005° 43' 05"

                  Temperature (°C), Rain (mm), Wind Speed (km/h)

                                      Heat  Cool        Avg
    Mean                              Deg   Deg         Wind                 Dom
Day Temp  High   Time   Low    Time   Days  Days  Rain  Speed High   Time    Dir
----------------------------------------------------------------------------------
01  21,8  29,2   17:52  15,6   05:14   0,5   4,0   0,0   5,0  31,3   17:45   WSW
02  16,5  22,0   15:41  11,5   07:43   2,2   0,5   2,3   6,8  34,9   18:49   WSW
03  15,4  22,1   17:19  11,3   08:03   3,2   0,3  10,9   4,6  27,7   22:17   SSW
04  16,4  22,3   17:17  12,7   07:27   2,5   0,6   0,3   3,5  25,6   17:39   ENE
05  19,2  26,6   18:30  13,5   03:39   1,6   2,6   0,2   4,7  25,6   22:30   ESE
06  21,9  28,9   16:29  14,9   07:11   0,6   4,3   0,0   3,7  23,8   00:21    SW
07  23,3  31,0   17:43  16,7   07:17   0,1   5,1   0,0   4,8  23,8   22:57     S
08  23,4  31,5   17:26  16,8   04:13   0,2   5,3   0,0   5,1  23,8   00:06     S
09  24,4  32,2   16:47  17,0   06:21   0,2   6,2   0,0   4,7  22,0   15:46    SE
10  24,5  32,1   16:32  18,2   05:38   0,0   6,2   0,0   3,9  18,4   16:44   ESE
11  24,2  29,9   17:26  18,2   07:15   0,0   5,9   0,0   8,0  36,7   14:18   ESE
12  24,5  32,0   18:53  18,8   07:25   0,0   6,2   0,0   4,4  22,0   21:57    SE
13  25,5  33,2   18:44  19,0   07:20   0,0   7,2   0,0   3,6  20,2   09:19   ESE
14  23,9  31,0   15:34  17,6   23:55   0,0   5,6   0,0   7,2  36,7   18:23    SW
15  19,9  25,6   17:06  15,9   07:04   0,7   2,3   0,0   7,8  29,5   15:31    SW
16  21,4  29,5   19:20  14,5   05:14   0,9   4,0   0,0   4,7  20,2   03:14    SW
17  25,7  33,8   19:28  18,2   02:46   0,0   7,4   0,0   4,0  20,2   10:39   ENE
18  27,3  35,1   17:31  20,2   07:18   0,0   9,0   0,0   3,6  25,6   20:09    SW
19  28,1  36,1   18:12  20,4   07:07   0,0   9,8   0,0   4,3  18,4   14:24     S
20  30,3  38,3   16:03  23,1   07:11   0,0  12,0   0,0   8,1  33,1   05:46     E
21  26,6  32,1   16:26  20,7   23:56   0,0   8,1   0,0   6,4  29,5   03:07    SW
22  20,9  27,4   18:39  17,1   08:34   0,2   2,8   0,0   9,9  31,3   17:02    SW
23  22,3  31,2   18:39  16,2   07:19   0,5   4,5   0,0   8,0  33,1   16:42    SW
24  21,7  28,9   18:23  15,6   07:16   0,3   3,7   0,0   5,7  29,5   16:26   WNW
25  21,3  27,8   18:21  14,6   07:08   0,7   3,7   0,0   7,7  33,1   12:11    NE
26  23,1  29,4   18:20  15,7   07:20   0,3   5,2   0,0   6,8  29,5   13:26   ESE
27  25,8  34,6   18:07  18,0   05:52   0,0   7,6   0,0   8,3  31,3   06:38     E
28  26,0  33,3   16:49  19,6   23:59   0,0   7,7   0,0   6,5  33,1   16:06    SW
29  19,9  25,1   16:22  17,4   07:18   0,2   1,8   0,0  10,8  38,5   18:21    SW
30  20,3  26,2   18:01  16,2   04:46   0,5   2,6   0,0   7,2  27,7   19:35    SW
31  22,0  29,8   17:48  15,2   06:59   0,5   4,2   0,0   6,6  29,5   22:35    SW
----------------------------------------------------------------------------------
    22,8  38,3    20    11,3     3    15,9 156,4  13,7   6,0  38,5    29     SSW

Max >=  27,0 24
Max <=   0,0  0
Min <=   0,0  0
Min <= -18,0  0
Max Rain: 10,9 on day 3
Days of Rain: 4 (>= 0,2 mm)  2 (>= 2,0 mm)  0 (>= 20,0 mm)
Heat Base: 18,3  Cool Base: 18,3  Method: Integration