Avisos AEMET Campiña SevillanaSin Avisos    + INFO

Informes climáticos al estilo de la NOAA

Selecciona un año o mes para el informe
2024: Ene Feb Mar Abr May Jun Jul Ago Sep Oct Nov Dic
2023: Ene Feb Mar Abr May Jun Jul Ago Sep Oct Nov Dic
2022: Ene Feb Mar Abr May Jun Jul Ago Sep Oct Nov Dic
2021: Ene Feb Mar Abr May Jun Jul Ago Sep Oct Nov Dic

Informe para 2022 Agosto
                   Monthly Climatological Summary for ago. 2022

Name: Meteoviso   City: El Viso del Alcor   State: Sevilla
Elevation: 170 m  Lat: N 37° 23' 44"   Lon: W 005° 43' 05"

                  Temperature (°C), Rain (mm), Wind Speed (km/h)

                                      Heat  Cool        Avg
    Mean                              Deg   Deg         Wind                 Dom
Day Temp  High   Time   Low    Time   Days  Days  Rain  Speed High   Time    Dir
----------------------------------------------------------------------------------
01  30,6  39,0   17:07  24,0   07:40   0,0  12,3   0,0   6,5  31,3   17:31   WSW
02  31,2  39,1   18:01  24,4   04:36   0,0  12,9   0,0   5,8  27,7   20:15    SW
03  30,5  37,5   18:10  24,1   06:38   0,0  12,2   0,0   4,9  36,7   17:37    SW
04  28,4  35,8   17:06  22,2   07:44   0,0  10,1   0,0   5,4  22,0   20:57   WSW
05  28,3  35,5   16:43  22,0   06:07   0,0  10,0   0,0   5,0  23,8   18:27   WSW
06  27,4  34,1   16:55  22,3   06:36   0,0   9,1   0,0   6,7  27,7   16:47    SW
07  25,2  33,1   17:21  20,5   06:01   0,0   6,9   0,0   7,9  31,3   18:55    SW
08  23,8  30,4   17:40  18,6   07:38   0,0   5,5   0,0   7,2  29,5   00:14    SW
09  26,2  34,8   18:14  18,7   07:06   0,0   7,9   0,0   4,4  25,6   20:42    SW
10  26,3  32,3   15:00  21,6   07:28   0,0   8,0   0,0   6,1  31,3   16:53   WSW
11  26,2  34,4   19:06  21,2   03:30   0,0   7,9   0,0   4,8  20,2   19:58   WSW
12  29,1  38,0   17:57  22,3   04:03   0,0  10,8   0,3   3,8  20,2   17:47   WSW
13  27,9  33,0   17:43  23,9   07:33   0,0   9,6   6,3   8,5  43,9   18:44    NE
14  27,1  34,3   16:29  21,7   08:14   0,0   8,8   0,0   8,6  38,5   19:39   WSW
15  23,4  29,7   17:05  18,7   07:41   0,0   5,0   0,0  12,0  36,7   19:32    SW
16  24,7  32,6   18:02  18,7   07:53   0,0   6,4   0,0   6,3  25,6   14:20    SW
17  24,3  32,6   17:52  18,1   07:44   0,0   6,0   0,0   7,4  33,1   18:55     W
18  26,8  35,1   17:34  19,3   06:58   0,0   8,5   0,0   4,6  20,2   00:15   SSE
19  29,9  38,0   16:47  22,4   07:38   0,0  11,6   0,0   6,6  40,3   12:05   ESE
20  30,5  38,9   16:44  23,1   06:28   0,0  12,2   0,0   3,6  22,0   20:53   SSW
21  30,0  39,1   17:53  22,7   06:53   0,0  11,6   0,0   7,9  29,5   19:33    SW
22  29,3  37,2   16:31  23,0   08:04   0,0  11,0   0,0   6,6  25,6   18:36    SW
23  27,2  35,4   17:33  21,0   07:29   0,0   8,9   0,0   4,1  23,8   17:41   WSW
24  25,9  33,5   17:00  21,5   23:53   0,0   7,6   0,0   5,5  27,7   19:57   WSW
25  25,7  34,6   18:03  20,0   05:01   0,0   7,3   0,0   5,2  25,6   20:30    SW
26  26,8  34,8   16:18  20,5   07:51   0,0   8,5   0,0   7,4  27,7   19:19    SW
27  26,5  34,8   17:01  20,4   04:37   0,0   8,2   0,0   5,9  33,1   18:54   WSW
28  27,1  34,4   18:23  21,9   07:42   0,0   8,8   0,0   4,5  31,3   22:33    SW
29  26,8  32,7   18:02  21,8   07:16   0,0   8,5   0,0   4,7  27,7   13:30   WSW
30  25,8  31,4   14:23  22,0   08:25   0,0   7,5   0,5   4,7  25,6   23:26    SW
31  26,1  34,1   18:35  19,7   07:54   0,0   7,8   0,0   6,2  27,7   21:23    SW
----------------------------------------------------------------------------------
    27,3  39,1     2    18,1    17     0,0 277,4   7,1   6,1  43,9    13      SW

Max >=  27,0 31
Max <=   0,0  0
Min <=   0,0  0
Min <= -18,0  0
Max Rain: 6,3 on day 13
Days of Rain: 3 (>= 0,2 mm)  1 (>= 2,0 mm)  0 (>= 20,0 mm)
Heat Base: 18,3  Cool Base: 18,3  Method: Integration