Avisos AEMET Campiña SevillanaSin Avisos    + INFO

Informes climáticos al estilo de la NOAA

Selecciona un año o mes para el informe
2024: Ene Feb Mar Abr May Jun Jul Ago Sep Oct Nov Dic
2023: Ene Feb Mar Abr May Jun Jul Ago Sep Oct Nov Dic
2022: Ene Feb Mar Abr May Jun Jul Ago Sep Oct Nov Dic
2021: Ene Feb Mar Abr May Jun Jul Ago Sep Oct Nov Dic

Informe para 2023 Abril
                   Monthly Climatological Summary for abr. 2023

Name: Meteoviso   City: El Viso del Alcor   State: Sevilla
Elevation: 170 m  Lat: N 37° 23' 44"   Lon: W 005° 43' 05"

                  Temperature (°C), Rain (mm), Wind Speed (km/h)

                                      Heat  Cool        Avg
    Mean                              Deg   Deg         Wind                 Dom
Day Temp  High   Time   Low    Time   Days  Days  Rain  Speed High   Time    Dir
----------------------------------------------------------------------------------
01  18,9  26,3   17:30  12,6   08:03   1,4   2,0   0,0   3,3  23,8   16:51   NNW
02  19,0  25,1   19:55  13,6   06:12   1,3   2,0   0,0   5,8  34,9   10:27    NE
03  19,3  25,4   17:53  13,2   08:09   1,2   2,1   0,0   8,8  33,1   06:08   ENE
04  17,8  23,1   16:54  13,2   07:38   1,7   1,1   0,0   4,1  20,2   02:29    SE
05  17,8  25,8   18:22  10,6   07:05   2,5   1,9   0,0   7,1  27,7   13:48   ESE
06  19,4  26,0   17:40  14,1   08:25   1,3   2,3   0,0   9,2  31,3   14:00     E
07  19,6  28,3   17:27  12,5   06:28   1,7   3,0   0,0   7,8  43,9   19:40     E
08  20,9  30,5   17:30  13,5   07:37   1,3   3,9   0,0   5,2  29,5   11:54     E
09  21,7  30,0   17:14  14,0   08:32   0,6   3,9   0,0   2,2  20,2   03:52   WSW
10  23,0  32,0   18:08  16,4   07:56   0,2   4,9   0,0   2,3  23,8   20:39    SW
11  20,8  29,0   17:23  13,2   08:10   0,7   3,2   0,0   6,2  34,9   18:50    SW
12  18,4  25,4   16:42  13,4   07:39   1,6   1,7   0,0   5,9  29,5   18:36     W
13  16,3  23,6   18:16   9,1   08:00   3,0   1,0   0,0   6,7  33,1   20:08     N
14  18,4  26,9   18:17  11,4   06:55   2,2   2,3   0,0   5,9  38,5   19:37     N
15  20,8  29,3   19:01  12,8   07:30   1,1   3,7   0,0   6,3  31,3   03:33   NNE
16  23,4  28,8   18:09  18,3   07:49   0,0   5,1   0,0  12,1  51,5   11:33   ENE
17  21,6  29,3   18:21  14,1   07:10   0,9   4,2   0,0   8,5  34,9   14:02     E
18  21,6  29,3   17:15  14,7   06:38   0,7   4,0   0,0   8,2  47,9   11:05     E
19  21,0  29,2   17:53  14,2   06:46   0,9   3,6   0,0   6,7  49,7   18:07    SE
20  20,0  27,6   17:21  12,8   07:36   1,4   3,1   0,0   3,7  47,9   18:39   WSW
21  18,1  22,6   16:15  14,5   06:45   1,2   1,1   0,0  10,5  60,5   17:52    SW
22  18,7  25,3   18:37  14,9   07:43   1,4   1,8   2,3   6,9  29,5   18:58    SW
23  20,7  28,8   18:53  13,8   07:16   1,1   3,6   0,0   3,4  36,7   12:29   ENE
24  23,8  31,8   18:25  17,2   05:30   0,1   5,6   0,0   3,8  27,7   11:35    NE
25  25,4  33,8   19:00  18,0   07:25   0,0   7,1   0,0   3,1  23,8   18:45    SW
26  27,5  36,2   18:21  20,5   06:57   0,0   9,2   0,0   4,5  33,1   11:37     E
27  28,1  36,6   18:02  21,2   04:13   0,0   9,8   0,0   3,5  36,7   09:16   SSW
28  26,7  33,3   16:04  21,6   06:39   0,0   8,4   0,0   3,5  25,6   17:05   WSW
29  23,0  31,0   17:30  17,7   06:11   0,1   4,7   0,0   6,7  40,3   18:42   WSW
30  23,1  30,1   17:50  17,0   07:41   0,1   4,9   0,0   2,9  29,5   20:14   WSW
----------------------------------------------------------------------------------
    21,2  36,6    27     9,1    13    29,6 115,3   2,3   5,8  60,5    21       E

Max >=  27,0 19
Max <=   0,0  0
Min <=   0,0  0
Min <= -18,0  0
Max Rain: 2,3 on day 22
Days of Rain: 1 (>= 0,2 mm)  1 (>= 2,0 mm)  0 (>= 20,0 mm)
Heat Base: 18,3  Cool Base: 18,3  Method: Integration