Avisos AEMET Campiña SevillanaSin Avisos    + INFO

Informes climáticos al estilo de la NOAA

Selecciona un año o mes para el informe
2024: Ene Feb Mar Abr May Jun Jul Ago Sep Oct Nov Dic
2023: Ene Feb Mar Abr May Jun Jul Ago Sep Oct Nov Dic
2022: Ene Feb Mar Abr May Jun Jul Ago Sep Oct Nov Dic
2021: Ene Feb Mar Abr May Jun Jul Ago Sep Oct Nov Dic

Informe para 2023 Julio
                   Monthly Climatological Summary for jul. 2023

Name: Meteoviso   City: El Viso del Alcor   State: Sevilla
Elevation: 170 m  Lat: N 37° 23' 44"   Lon: W 005° 43' 05"

                  Temperature (°C), Rain (mm), Wind Speed (km/h)

                                      Heat  Cool        Avg
    Mean                              Deg   Deg         Wind                 Dom
Day Temp  High   Time   Low    Time   Days  Days  Rain  Speed High   Time    Dir
----------------------------------------------------------------------------------
01  28,0  36,3   18:26  20,2   05:51   0,0   9,4   0,0   4,8  43,9   23:18    SW
02  29,7  37,5   18:25  22,0   06:29   0,0  11,4   0,0   4,7  33,1   01:46    SW
03  29,5  36,4   16:53  23,3   07:10   0,0  11,2   0,0   7,4  46,1   19:34   WSW
04  27,9  36,7   17:13  21,1   07:54   0,0   9,6   0,0  10,3  43,9   08:20    SW
05  28,3  36,4   17:48  21,6   07:54   0,0  10,0   0,0   7,8  46,1   16:50    SW
06  27,5  34,2   19:54  21,3   07:04   0,0   9,0   0,0   8,4  33,1   14:15    SW
07  26,4  32,3   17:21  20,4   07:08   0,0   8,1   0,0  10,2  51,5   14:54    SW
08  26,7  35,4   19:04  19,5   07:06   0,0   8,4   0,0   6,3  31,3   01:54    SW
09  30,4  38,8   19:36  22,9   07:15   0,0  12,1   0,0   4,0  31,3   11:05   NNE
10  33,1  41,3   17:26  26,2   07:37   0,0  14,8   0,0   3,9  20,2   21:07    SW
11  31,0  38,4   17:55  24,6   07:53   0,0  12,7   0,0   8,7  38,5   19:14    SW
12  32,1  40,9   18:16  24,5   06:52   0,0  13,8   0,0   5,1  29,5   19:24   WSW
13  31,9  40,0   18:42  24,5   07:20   0,0  13,6   0,0   4,6  33,1   20:24   WSW
14  29,5  36,1   18:15  23,6   07:22   0,0  11,2   0,0  10,9  36,7   00:34    SW
15  27,0  33,9   17:49  21,5   07:00   0,0   8,7   0,0  10,3  38,5   16:13    SW
16  28,5  37,4   18:50  20,4   06:55   0,0  10,2   0,0   4,8  42,1   00:53   WSW
17  31,8  41,2   18:10  23,6   05:11   0,0  13,5   0,0   4,1  20,2   01:50    SW
18  30,3  38,2   17:43  24,9   07:09   0,0  12,0   0,0   6,9  33,1   10:41    SW
19  31,0  39,7   17:40  23,7   06:59   0,0  12,7   0,0   7,1  31,3   17:45    SW
20  29,0  36,7   17:31  23,3   07:47   0,0  10,6   0,0  12,8  43,9   19:11    SW
21  27,0  34,8   17:59  20,1   07:29   0,0   8,7   0,0   8,5  46,1   21:14    SW
22  27,8  35,9   17:13  20,5   08:32   0,0   9,5   0,0   7,2  34,9   00:19    SW
23  28,4  36,5   18:05  20,5   07:20   0,0  10,1   0,0   7,2  29,5   22:50    SW
24  27,5  34,9   16:58  22,6   07:35   0,0   9,2   0,0  10,2  58,7   18:41    SW
25  26,1  33,7   17:03  20,5   06:49   0,0   7,8   0,0   8,2  43,9   00:06    SW
26  25,6  34,2   16:28  19,8   07:20   0,0   7,3   0,0   7,8  31,3   21:03    SW
27  23,6  30,4   18:34  18,5   06:03   0,0   5,3   0,0  10,0  49,7   10:03    SW
28  26,0  36,8   18:45  17,5   08:01   0,0   7,7   0,0   6,0  33,1   20:55    SW
29  29,9  39,3   18:27  21,7   07:07   0,0  11,6   0,0   5,0  31,3   16:54    SW
30  31,1  38,1   16:18  25,9   06:47   0,0  12,7   0,0   6,7  33,1   18:29    SW
31  28,5  37,1   16:36  22,5   08:06   0,0  10,2   0,0  10,3  36,7   13:43    SW
----------------------------------------------------------------------------------
    28,7  41,3    10    17,5    28     0,0 323,1   0,0   7,4  58,7    24      SW

Max >=  27,0 31
Max <=   0,0  0
Min <=   0,0  0
Min <= -18,0  0
Max Rain: 0,0 on day 0
Days of Rain: 0 (>= 0,2 mm)  0 (>= 2,0 mm)  0 (>= 20,0 mm)
Heat Base: 18,3  Cool Base: 18,3  Method: Integration