Avisos AEMET Campiña SevillanaSin Avisos    + INFO

Informes climáticos al estilo de la NOAA

Selecciona un año o mes para el informe
2024: Ene Feb Mar Abr May Jun Jul Ago Sep Oct Nov Dic
2023: Ene Feb Mar Abr May Jun Jul Ago Sep Oct Nov Dic
2022: Ene Feb Mar Abr May Jun Jul Ago Sep Oct Nov Dic
2021: Ene Feb Mar Abr May Jun Jul Ago Sep Oct Nov Dic

Informe para 2023 Agosto
                   Monthly Climatological Summary for ago. 2023

Name: Meteoviso   City: El Viso del Alcor   State: Sevilla
Elevation: 170 m  Lat: N 37° 23' 44"   Lon: W 005° 43' 05"

                  Temperature (°C), Rain (mm), Wind Speed (km/h)

                                      Heat  Cool        Avg
    Mean                              Deg   Deg         Wind                 Dom
Day Temp  High   Time   Low    Time   Days  Days  Rain  Speed High   Time    Dir
----------------------------------------------------------------------------------
01  26,8  36,6   17:14  19,8   07:33   0,0   8,5   0,0   9,2  34,9   19:28    SW
02  27,2  36,8   17:23  20,8   07:43   0,0   8,9   0,0   9,5  36,7   03:40    SW
03  27,7  35,3   17:14  22,7   07:33   0,0   9,4   0,0   7,0  38,5   18:03   WSW
04  28,5  37,7   19:03  20,1   07:27   0,0  10,2   0,0   6,7  31,3   02:04     E
05  30,1  37,9   19:27  22,8   06:35   0,0  11,8   0,0   8,1  43,9   12:28     E
06  33,2  41,7   18:50  24,5   05:16   0,0  14,9   0,0   6,6  29,5   13:05     E
07  33,1  42,3   18:15  25,0   07:55   0,0  14,8   0,0   3,7  23,8   20:50     S
08  32,3  41,4   17:25  24,1   07:43   0,0  14,1   0,0   3,0  22,0   10:29    SW
09  30,4  37,0   17:07  24,5   07:50   0,0  12,1   0,0   3,8  33,1   01:38   WSW
10  32,0  41,7   18:26  24,2   08:14   0,0  13,7   0,0   6,6  38,5   16:34    SW
11  33,5  43,0   18:17  26,4   07:17   0,0  15,2   0,0   5,6  34,9   17:27    SW
12  31,9  41,1   17:19  24,9   07:21   0,0  13,6   0,0   8,2  38,5   00:29    SW
13  30,2  37,3   17:19  25,4   07:58   0,0  11,9   0,0  10,5  49,7   20:34    SW
14  27,9  35,1   17:46  21,3   04:48   0,0   9,6   0,0   6,1  36,7   22:29    SW
15  27,5  35,9   16:34  20,2   07:49   0,0   9,3   0,0   7,7  38,5   23:10    SW
16  26,9  34,4   16:42  21,9   09:32   0,0   8,6   0,0   9,5  43,9   21:10    SW
17  26,4  35,5   17:55  19,9   07:38   0,0   8,1   0,0   8,4  40,3   20:42    SW
18  27,3  36,3   17:37  20,2   07:32   0,0   9,0   0,0   7,1  38,5   00:10    SW
19  30,3  40,1   17:49  22,0   07:51   0,0  12,0   0,0   4,1  33,1   00:10    SW
20  34,0  42,3   17:24  27,5   06:18   0,0  15,6   0,0   3,6  36,7   23:22   WSW
21  33,0  42,1   17:46  25,4   07:03   0,0  14,7   0,0   4,8  29,5   20:09    SW
22  33,0  39,8   16:41  25,8   07:02   0,0  14,7   0,0   9,5  46,1   11:47   ESE
23  33,9  42,8   16:58  26,5   07:33   0,0  15,6   0,0   7,1  33,1   11:34     E
24  33,8  41,9   18:00  26,6   07:06   0,0  15,5   0,0   4,0  29,5   20:37    SW
25  33,7  42,3   17:08  26,1   06:48   0,0  15,2   0,0   4,4  20,2   01:45    SW
26  32,2  38,1   14:14  26,9   23:51   0,0  13,9   0,0   6,4  40,3   20:17    NW
27  24,8  31,1   17:56  17,7   07:54   0,0   6,5   0,0   8,5  47,9   04:00     N
28  27,0  34,0   18:28  20,2   07:50   0,0   8,7   0,0   6,4  34,9   10:32    NE
29  28,7  36,3   17:29  21,5   08:03   0,0  10,4   0,0   4,1  27,7   16:27   NNE
30  27,0  34,7   18:16  21,7   07:58   0,0   8,7   0,0   7,0  43,9   20:40   WSW
31  26,6  34,5   17:28  19,9   07:56   0,0   8,3   0,0   4,7  27,7   20:18    SW
----------------------------------------------------------------------------------
    30,0  43,0    11    17,7    27     0,0 363,4   0,0   6,5  49,7    13      SW

Max >=  27,0 31
Max <=   0,0  0
Min <=   0,0  0
Min <= -18,0  0
Max Rain: 0,0 on day 0
Days of Rain: 0 (>= 0,2 mm)  0 (>= 2,0 mm)  0 (>= 20,0 mm)
Heat Base: 18,3  Cool Base: 18,3  Method: Integration