Avisos AEMET Campiña SevillanaSin Avisos    + INFO

Informes climáticos al estilo de la NOAA

Selecciona un año o mes para el informe
2024: Ene Feb Mar Abr May Jun Jul Ago Sep Oct Nov Dic
2023: Ene Feb Mar Abr May Jun Jul Ago Sep Oct Nov Dic
2022: Ene Feb Mar Abr May Jun Jul Ago Sep Oct Nov Dic
2021: Ene Feb Mar Abr May Jun Jul Ago Sep Oct Nov Dic

Informe para 2023 Noviembre
                   Monthly Climatological Summary for nov. 2023

Name: Meteoviso   City: El Viso del Alcor   State: Sevilla
Elevation: 170 m  Lat: N 37° 23' 44"   Lon: W 005° 43' 05"

                  Temperature (°C), Rain (mm), Wind Speed (km/h)

                                      Heat  Cool        Avg
    Mean                              Deg   Deg         Wind                 Dom
Day Temp  High   Time   Low    Time   Days  Days  Rain  Speed High   Time    Dir
----------------------------------------------------------------------------------
01  16,0  21,0   16:17  11,8   07:53   2,7   0,4   0,0   5,1  29,5   17:33    SW
02  17,8  20,9   15:04  13,0   23:37   0,9   0,5   1,0  14,6  58,7   13:35   WSW
03  14,5  18,8   15:45  11,9   03:03   3,8   0,0   0,0   6,8  27,7   14:43   WSW
04  15,6  19,7   16:29  13,0   00:48   2,7   0,1   2,6  12,5  53,3   15:25   WSW
05  15,4  20,0   14:33  12,3   07:53   2,9   0,1   0,0   0,7  13,0   00:09     W
06  13,6  18,6   15:37  10,0   05:24   4,7   0,0   0,0   1,4  18,4   12:53     N
07  13,0  18,7   15:37   7,8   07:17   5,3   0,0   0,0   1,8  16,6   01:31   NNE
08  13,9  18,8   15:45  10,0   06:11   4,4   0,0   0,0   1,5  20,2   10:50     E
09  15,0  19,4   16:52  12,9   07:50   3,4   0,0   1,0   1,2  20,2   11:06   SSW
10  15,0  19,7   15:07  11,2   06:16   3,4   0,1   0,3   1,8  14,8   14:07   WSW
11  16,7  21,9   15:43  14,1   08:05   2,0   0,4   0,0   0,9  14,8   16:29   WSW
12  17,2  22,6   16:22  13,5   06:49   1,8   0,7   0,0   0,6  16,6   14:12     E
----------------------------------------------------------------------------------
    15,3  22,6    12     7,8     7    38,0   2,3   4,9   4,1  58,7     2     WSW

Max >=  27,0  0
Max <=   0,0  0
Min <=   0,0  0
Min <= -18,0  0
Max Rain: 2,6 on day 4
Days of Rain: 4 (>= 0,2 mm)  1 (>= 2,0 mm)  0 (>= 20,0 mm)
Heat Base: 18,3  Cool Base: 18,3  Method: Integration