Avisos AEMET Campiña SevillanaSin Avisos    + INFO

Informes climáticos al estilo de la NOAA

Selecciona un año o mes para el informe
2024: Ene Feb Mar Abr May Jun Jul Ago Sep Oct Nov Dic
2023: Ene Feb Mar Abr May Jun Jul Ago Sep Oct Nov Dic
2022: Ene Feb Mar Abr May Jun Jul Ago Sep Oct Nov Dic
2021: Ene Feb Mar Abr May Jun Jul Ago Sep Oct Nov Dic

Informe para 2024 Enero
                   Monthly Climatological Summary for ene. 2024

Name: Meteoviso   City: El Viso del Alcor   State: Sevilla
Elevation: 170 m  Lat: N 37° 23' 43"   Lon: W 005° 43' 05"

                  Temperature (°C), Rain (mm), Wind Speed (km/h)

                                      Heat  Cool        Avg
    Mean                              Deg   Deg         Wind                 Dom
Day Temp  High   Time   Low    Time   Days  Days  Rain  Speed High   Time    Dir
----------------------------------------------------------------------------------
01  11,9  18,3   16:11   8,8   06:51   6,4   0,0   0,0   2,4  11,2   03:51   ESE
02  12,5  19,1   16:06   8,7   09:09   5,8   0,0   0,0   2,8  18,4   09:35   ESE
03  12,7  17,4   15:27   8,7   04:56   5,6   0,0   0,3   2,4  18,4   19:16   SSW
04  13,3  16,1   17:05  11,8   08:03   5,0   0,0  12,1   4,9  22,0   17:30   SSW
05  10,9  14,0   16:02   7,8   23:45   7,4   0,0   0,3   5,8  27,7   12:32     W
06   8,0  11,0   13:08   4,8   06:47  10,3   0,0   0,0   2,8  14,8   00:43    SW
07   8,4  13,2   17:16   4,5   08:19   9,9   0,0   0,0   4,1  20,2   10:47   ENE
08   7,8  11,5   15:14   4,3   08:09  10,5   0,0   1,3   3,3  20,2   09:50     E
09   8,4   9,9   14:45   6,7   04:25   9,9   0,0   2,0   4,0  22,0   07:34     E
10  10,3  15,1   16:15   7,4   09:55   8,0   0,0   0,3   2,5  18,4   12:08    SE
11   9,9  15,2   17:27   6,6   09:20   8,4   0,0   0,0   1,9  14,8   11:19   ENE
12  11,5  18,2   15:30   7,5   06:28   6,8   0,0   0,0   7,8  27,7   09:41   ENE
13  12,2  16,0   16:08   9,2   08:47   6,1   0,0   0,0   7,2  29,5   05:31   ENE
14  15,1  20,3   15:56  10,7   07:58   3,4   0,2   0,0   4,1  22,0   18:18   SSW
15  15,3  18,0   14:46  13,2   06:44   3,0   0,0   0,0   7,8  25,6   13:02    SW
16  13,9  18,3   14:45  11,7   08:29   4,4   0,0   8,6   7,5  49,7   15:41     S
17  15,5  18,3   14:50  12,4   03:35   2,8   0,0   5,9  16,9  60,5   12:43    SW
18  15,5  17,9   14:58  13,9   09:15   2,8   0,0   5,3  12,2  42,1   14:54    SW
19  13,7  15,9   14:26   9,7   23:48   4,6   0,0  20,8  11,9  46,1   09:07    SW
20   9,6  13,2   15:52   5,4   08:25   8,7   0,0   0,0   3,1  16,6   19:08     E
21  12,0  16,1   16:38   7,3   00:00   6,3   0,0   0,0   6,8  22,0   08:14   ENE
22  12,3  16,3   16:48   8,2   07:23   5,9   0,0   0,0   6,0  20,2   10:05   ENE
23  15,3  20,5   17:08  10,2   07:40   3,4   0,4   0,0  10,5  36,7   09:48   ENE
24  16,9  23,1   16:31  12,4   07:56   2,3   0,8   0,0  10,9  29,5   07:34   ENE
25  18,1  23,8   16:48  12,8   08:33   1,8   1,5   0,0   9,4  31,3   10:00   ENE
26  17,6  23,2   16:26  12,7   07:14   1,7   1,0   0,0   5,1  25,6   02:24     E
27  17,1  23,5   14:32  13,7   08:36   2,0   0,8   0,0   4,6  27,7   10:50     E
28  14,3  19,3   17:55   9,4   08:57   4,0   0,0   0,0   2,0  16,6   12:28     E
29  13,6  18,7   16:07  10,1   06:12   4,7   0,0   0,0   2,7  14,8   04:04     E
30  13,6  19,0   15:47   9,6   08:27   4,7   0,0   0,0   6,5  25,6   07:14   ENE
31  13,6  18,6   15:28  10,2   08:12   4,7   0,0   0,0   9,9  33,1   15:34   ENE
----------------------------------------------------------------------------------
    12,9  23,8    25     4,3     8   171,3   4,8  56,9   6,1  60,5    17     ESE

Max >=  27,0  0
Max <=   0,0  0
Min <=   0,0  0
Min <= -18,0  0
Max Rain: 20,8 on day 19
Days of Rain: 10 (>= 0,2 mm)  6 (>= 2,0 mm)  1 (>= 20,0 mm)
Heat Base: 18,3  Cool Base: 18,3  Method: Integration